{"id":7,"date":"2026-04-30T17:50:19","date_gmt":"2026-04-30T17:50:19","guid":{"rendered":"https:\/\/cecort.newcode.tech\/?page_id=7"},"modified":"2026-04-30T19:15:35","modified_gmt":"2026-04-30T19:15:35","slug":"inicio","status":"publish","type":"page","link":"https:\/\/cecort.newcode.tech\/","title":{"rendered":"Inicio"},"content":{"rendered":"\t\t<div data-elementor-type=\"wp-post\" data-elementor-id=\"7\" class=\"elementor elementor-7\" data-elementor-post-type=\"page\">\n\t\t\t\t<div class=\"elementor-element elementor-element-5df2ec0 e-flex e-con-boxed e-con e-parent\" data-id=\"5df2ec0\" data-element_type=\"container\" data-e-type=\"container\" data-settings=\"{&quot;background_background&quot;:&quot;classic&quot;}\">\n\t\t\t\t\t<div class=\"e-con-inner\">\n\t\t\t\t<div class=\"elementor-element elementor-element-c9cba8a elementor-widget elementor-widget-heading\" data-id=\"c9cba8a\" data-element_type=\"widget\" data-e-type=\"widget\" data-widget_type=\"heading.default\">\n\t\t\t\t\t<h2 class=\"elementor-heading-title elementor-size-default\">Fabricante de p\u00e9rgolas bioclim\u00e1ticas y cortinas de cristal a medida<\/h2>\t\t\t\t<\/div>\n\t\t\t\t<div class=\"elementor-element elementor-element-8ffb1f0 elementor-widget elementor-widget-text-editor\" data-id=\"8ffb1f0\" data-element_type=\"widget\" data-e-type=\"widget\" data-widget_type=\"text-editor.default\">\n\t\t\t\t\t\t\t\t\t<p>Nuestros m\u00e1s de 20 a\u00f1os en el sector nos han convertido en l\u00edderes en la fabricaci\u00f3n de cerramientos de cristal con sistema propio y personalizado, y la creaci\u00f3n de espacios inteligentes en hogares y soluciones de alta rentabilidad para el sector HORECA y profesionales.<\/p>\t\t\t\t\t\t\t\t<\/div>\n\t\t\t\t\t<\/div>\n\t\t\t\t<\/div>\n\t\t\t\t<\/div>\n\t\t","protected":false},"excerpt":{"rendered":"<p>Fabricante de p\u00e9rgolas bioclim\u00e1ticas y cortinas de cristal a medida Nuestros m\u00e1s de 20 a\u00f1os en el sector nos han convertido en l\u00edderes en la fabricaci\u00f3n de cerramientos de cristal con sistema propio y personalizado, y la creaci\u00f3n de espacios inteligentes en hogares y soluciones de alta rentabilidad para el sector HORECA y profesionales.<\/p>\n","protected":false},"author":1,"featured_media":0,"parent":0,"menu_order":0,"comment_status":"closed","ping_status":"closed","template":"elementor_header_footer","meta":{"footnotes":""},"class_list":["post-7","page","type-page","status-publish","hentry"],"_links":{"self":[{"href":"https:\/\/cecort.newcode.tech\/index.php?rest_route=\/wp\/v2\/pages\/7","targetHints":{"allow":["GET"]}}],"collection":[{"href":"https:\/\/cecort.newcode.tech\/index.php?rest_route=\/wp\/v2\/pages"}],"about":[{"href":"https:\/\/cecort.newcode.tech\/index.php?rest_route=\/wp\/v2\/types\/page"}],"author":[{"embeddable":true,"href":"https:\/\/cecort.newcode.tech\/index.php?rest_route=\/wp\/v2\/users\/1"}],"replies":[{"embeddable":true,"href":"https:\/\/cecort.newcode.tech\/index.php?rest_route=%2Fwp%2Fv2%2Fcomments&post=7"}],"version-history":[{"count":10,"href":"https:\/\/cecort.newcode.tech\/index.php?rest_route=\/wp\/v2\/pages\/7\/revisions"}],"predecessor-version":[{"id":53,"href":"https:\/\/cecort.newcode.tech\/index.php?rest_route=\/wp\/v2\/pages\/7\/revisions\/53"}],"wp:attachment":[{"href":"https:\/\/cecort.newcode.tech\/index.php?rest_route=%2Fwp%2Fv2%2Fmedia&parent=7"}],"curies":[{"name":"wp","href":"https:\/\/api.w.org\/{rel}","templated":true}]}}